0?
39
Calculate the remainder when 2477 is divided by 35.
27
Calculate the remainder when 123 is divided by 35.
18
What is the remainder when 357 is divided by 20?
17
What is the remainder when 685 is divided by 675?
10
What is the remainder when 1072 is divided by 109?
91
What is the remainder when 856 is divided by 123?
118
What is the remainder when 240 is divided by 27?
24
What is the remainder when 1233 is divided by 17?
9
What is the remainder when 7511 is divided by 46?
13
What is the remainder when 748 is divided by 13?
7
What is the remainder when 390 is divided by 66?
60
Calculate the remainder when 17698 is divided by 10.
8
Calculate the remainder when 1111 is divided by 18.
13
What is the remainder when 2494 is divided by 228?
214
What is the remainder when 208 is divided by 107?
101
Calculate the remainder when 9601 is divided by 343.
340
Calculate the remainder when 28505 is divided by 17.
13
What is the remainder when 17981 is divided by 64?
61
Calculate the remainder when 1649 is divided by 14.
11
What is the remainder when 443 is divided by 154?
135
Calculate the remainder when 178 is divided by 20.
18
Calculate the remainder when 344 is divided by 88.
80
What is the remainder when 1673 is divided by 323?
58
Calculate the remainder when 143 is divided by 17.
7
What is the remainder when 382 is divided by 48?
46
What is the remainder when 138 is divided by 28?
26
Calculate the remainder when 3150 is divided by 158.
148
Calculate the remainder when 630 is divided by 77.
14
Calculate the remainder when 1439 is divided by 287.
4
What is the remainder when 291 is divided by 92?
15
What is the remainder when 684 is divided by 670?
14
What is the remainder when 277 is divided by 28?
25
What is the remainder when 1132 is divided by 6?
4
Calculate the remainder when 909 is divided by 24.
21
Calculate the remainder when 426 is divided by 18.
12
What is the remainder when 466 is divided by 13?
11
What is the remainder when 500 is divided by 162?
14
Calculate the remainder when 724 is divided by 26.
22
Calculate the remainder when 282 is divided by 145.
137
What is the remainder when 4 is divided by 4?
0
Calculate the remainder when 2771 is divided by 919.
14
What is the remainder when 289 is divided by 129?
31
What is the remainder when 238 is divided by 82?
74
What is the remainder when 1191 is divided by 60?
51
What is the remainder when 252 is divided by 125?
2
Calculate the remainder when 7081 is divided by 308.
305
What is the remainder when 2786 is divided by 1379?
28
What is the remainder when 3551 is divided by 37?
36
What is the remainder when 392 is divided by 189?
14
Calculate the remainder when 608 is divided by 278.
52
Calculate the remainder when 548 is divided by 410.
138
Calculate the remainder when 3917 is divided by 8.
5
Calculate the remainder when 618 is divided by 102.
6
Calculate the remainder when 174 is divided by 39.
18
Calculate the remainder when 50 is divided by 37.
13
What is the remainder when 335 is divided by 13?
10
What is the remainder when 317 is divided by 53?
52
Calculate the remainder when 2056 is divided by 206.
202
Calculate the remainder when 666 is divided by 331.
4
Calculate the remainder when 206 is divided by 3.
2
Calculate the remainder when 1016 is divided by 60.
56
Calculate the remainder when 811 is divided by 14.
13
Calculate the remainder when 176 is divided by 57.
5
What is the remainder when 85 is divided by 9?
4
Calculate the remainder when 437 is divided by 229.
208
What is the remainder when 98 is divided by 61?
37
What is the remainder when 176 is divided by 59?
58
What is the remainder when 138 is divided by 45?
3
Calculate the remainder when 11714 is divided by 33.
32
Calculate the remainder when 1339 is divided by 83.
11
What is the remainder when 34647 is divided by 122?
121
What is the remainder when 587 is divided by 225?
137
What is the remainder when 178 is divided by 31?
23
Calculate the remainder when 11226 is divided by 156.
150
Calculate the remainder when 2729 is divided by 33.
23
Calculate the remainder when 306 is divided by 104.
98
Calculate the remainder when 558 is divided by 72.
54
What is the remainder when 2763 is divided by 5?
3
Calculate the remainder when 236 is divided by 10.
6
Calculate the remainder when 10053 is divided by 4.
1
Calculate the remainder when 342 is divided by 23.
20
What is the remainder when 1816 is divided by 130?
126
What is the remainder when 220 is divided by 15?
10
What is the remainder when 876 is divided by 55?
51
Calculate the remainder when 518 is divided by 112.
70
What is the remainder when 307 is divided by 52?
47
What is the remainder when 4606 is divided by 32?
30
What is the remainder when 71 is divided by 32?
7
What is the remainder when 867 is divided by 106?
19
What is the remainder when 256 is divided by 29?
24
Calculate the remainder when 1241 is divided by 69.
68
What is the remainder when 346 is divided by 21?
10
What is the remainder when 303 is divided by 46?
27
Calculate the remainder when 779 is divided by 134.
109
What is the remainder when 79 is divided by 9?
7
Calculate the remainder when 339 is divided by 43.
38
Calculate the remainder when 263 is divided by 178.
85
Calculate the remainder when 52 is divided by 12.
4
What is the remainder when 315 is divided by 4?
3
What is the remainder when 562 is divided by 71?
65
Calculate the remainder when 325 is divided by 110.
105
Calculate the remainder when 225 is divided by 60.
45
Calculate the remainder when 1480 is divided by 1466.
14
What is the remainder when 166 is divided by 49?
19
Calculate the remainder when 34 is divided by 18.
16
Calculate the remainder when 386 is divided by 53.
15
What is the remainder when 423 is divided by 18?
9
What is the remainder when 272 is divided by 55?
52
Calculate the remainder when 427 is divided by 58.
21
What is the remainder when 542 is divided by 7?
3
What is the remainder when 17598 is divided by 44?
42
What is the remainder when 285 is divided by 69?
9
What is the remainder when 121 is divided by 54?
13
Calculate the remainder when 461 is divided by 15.
11
What is the remainder when 74 is divided by 36?
2
Calculate the remainder when 398 is divided by 9.
2
What is the remainder when 8305 is divided by 67?
64
Calculate the remainder when 3337 is divided by 20.
17
Calculate the remainder when 5758 is divided by 262.
256
What is the remainder when 1821 is divided by 12?
9
Calculate the remainder when 996 is divided by 77.
72
What is the remainder when 643 is divided by 43?
41
What is the remainder when 938 is divided by 94?
92
Calculate the remainder when 485 is divided by 61.
58
What is the remainder when 167 is divided by 21?
20
What is the remainder when 2317 is divided by 13?
3
What is the remainder when 919 is divided by 46?
45
What is the remainder when 3532 is divided by 93?
91
What is the remainder when 1462 is divided by 729?
4
Calculate the remainder when 209 is divided by 49.
13
What is the remainder when 260 is divided by 44?
40
What is the remainder when 347 is divided by 60?
47
What is the remainder when 2100 is divided by 260?
20
Calculate the remainder when 134 is divided by 7.
1
What is the remainder when 516 is divided by 262?
254
Calculate the remainder when 59 is divided by 3.
2
Calculate the remainder when 879 is divided by 80.
79
What is the remainder when 61 is divided by 38?
23
What is the remainder when 135 is divided by 8?
7
What is the remainder when 765 is divided by 12?
9
What is the remainder when 451 is divided by 72?
19
Calculate the remainder when 200 is divided by 112.
88
What is the remainder when 65 is divided by 46?
19
Calculate the remainder when 17 is divided by 8.
1
What is the remainder when 219 is divided by 25?
19
Calculate the remainder when 130 is divided by 63.
4
Calculate the remainder when 45 is divided by 28.
17
Calculate the remainder when 326 is divided by 158.
10
What is the remainder when 122 is divided by 51?
20
What is the remainder when 166 is divided by 60?
46
What is the remainder when 1707 is divided by 437?
396
What is the remainder when 26 is divided by 10?
6
What is the remainder when 140 is divided by 77?
63
Calculate the remainder when 1365 is divided by